{"id":613,"date":"2022-07-18T14:01:26","date_gmt":"2022-07-18T12:01:26","guid":{"rendered":"https:\/\/kottmair.eu\/?page_id=613"},"modified":"2022-07-19T08:48:12","modified_gmt":"2022-07-19T06:48:12","slug":"liebe-und-gefuehle-2","status":"publish","type":"page","link":"https:\/\/kottmair.eu\/?page_id=613","title":{"rendered":"Liebe und Gef\u00fchle"},"content":{"rendered":"\n<p><strong>Du<\/strong> (25.01.2000)<\/p>\n\n\n\n<pre class=\"wp-block-verse\">Du kannst dich nur mit deinem Lachen\nf\u00fcr immer unvergesslich machen,\nund einfach nur bei deinem L\u00e4cheln\nbeginnt mein Herz schon arg zu schw\u00e4cheln.\n\nDer Glanz in deinen blauen Augen,\ner zwingt mich, st\u00e4ndig hinzuschaugen,\ndenn diese Macht, die in ihm steckt\nhat mein Gef\u00fchl f\u00fcr dich erweckt.\n\nDie W\u00e4rme, die dein Herz ausstrahlt,\nsie h\u00e4lt mich fest in der Gewalt,\nversucht, mich zu dir hinzuziehen \u2013\nich k\u00f6nnte ihr niemals entfliehen.\n\nWenn alle Menschen auf der Welt\nso wundervoll, wie du\u2019s bist, w\u00e4ren,\nbr\u00e4ucht\u2019s keine Kriege und kein Geld \u2013\nvon Liebe k\u00f6nnt\u2019 man sich ern\u00e4hren.<\/pre>\n\n\n\n<hr class=\"wp-block-separator has-alpha-channel-opacity\"\/>\n\n\n\n<p><strong>Abschied<\/strong> (14.02.2000)<\/p>\n\n\n\n<pre class=\"wp-block-verse\">Rosa Papier, zusammengekn\u00fcllt,\nso viel, dass es leicht eine M\u00fclltonne f\u00fcllt.\n\nBlaue Tinte, unleserlich,\nZeugin verliebter Gedanken an dich.\n\nRote Rosen, verwelkt und verdorrt,\nnicht mehr am Leben, denn du bist jetzt fort.\n\nGraue Wolken, voll Regen und schwer,\nsie weinen wie ich, denn ich seh\u2019 dich nie mehr.\n\nDieser Gedanke, der mich fast zerrei\u00dft,\nDich l\u00e4sst er kalt, da du nichts von ihm wei\u00dft.<\/pre>\n\n\n\n<hr class=\"wp-block-separator has-alpha-channel-opacity\"\/>\n\n\n\n<p><strong>Macho<\/strong> (10.04.2000)<\/p>\n\n\n\n<pre class=\"wp-block-verse\">Die Zeit will nicht enden\ndie Zeit, zu warten\nauf deine Lenden\nauf deine zarten.\n\nBau Schl\u00f6sser in L\u00fcften\nmit meinen Gedanken\nwart\u2019 auf deine H\u00fcften\nauf deine schlanken.\n\nWart\u2019 voller Gel\u00fcste\nmit Wohlgefallen\nauf deine zwei Br\u00fcste\nauf deine prallen.\n\nDoch dein Intellekt\nist wesentlich kleiner\nim Stammhirn versteckt \u2013\nden braucht ja auch keiner.\n<\/pre>\n\n\n\n<hr class=\"wp-block-separator has-alpha-channel-opacity\"\/>\n\n\n\n<p><strong>Liebesbrief eines Mathematikers<\/strong> (28.12.2001)<\/p>\n\n\n\n<pre class=\"wp-block-verse\">Mein Schatz, mein liebster Augenstern,\nich hab dich so unendlich gern,\ndenn du und ich, wir haben schon\nseit langem eine Relation.\n\nUnd die Beziehung bindet mich\nso stark wie Punkt vor Strich an dich;\nes ist, wenn man es so benennt,\ndie Liebe zu dir divergent.\n\nD\u2019rum nenne es nicht \u201eungeb\u00fchrlich\u201c,\ndenn dies Gef\u00fchl ist ganz nat\u00fcrlich,\nnicht immer v\u00f6llig rational,\nmanchmal komplex und doch real.\n\nDein K\u00f6rper ist kommutativ,\ndas wei\u00df ich, seit ich mit dir schlief,\nweil ich an diesem sch\u00f6nen Tag\nmal unten und mal oben lag.\n\nAus eins verkn\u00fcpft mit eins wird drei,\nweil das so ist, sind wir dabei \u2013\nund das ist \u00e4u\u00dferst angenehm \u2013\nauch ein Erzeugendensystem.\n<\/pre>\n\n\n\n<hr class=\"wp-block-separator has-alpha-channel-opacity\"\/>\n\n\n\n<p><strong>G\u00e4nseblum<\/strong> (02.05.2006)<\/p>\n\n\n\n<pre class=\"wp-block-verse\">G\u00e4nseblum auf Wiese steht,\ndu hast mir den Kopf verdreht.\nG\u00e4nseblum dient nun dazu\nherauszufinden: liebst mich du?\nAls ich dich das hab gefragt\nhast nur gel\u00e4chelt, nichts gesagt.\nH\u00e4ttest Antwort mir gegeben\nw\u00fcrde G\u00e4nseblum noch leben.\n<\/pre>\n\n\n\n<hr class=\"wp-block-separator has-alpha-channel-opacity\"\/>\n\n\n\n<p><strong>Vorteile<\/strong> (26.05.2007)<\/p>\n\n\n\n<pre class=\"wp-block-verse\">Meine Zahnb\u00fcrste ist so allein,\ndas darf doch wohl wirklich nicht sein!\nSteht tags\u00fcber immer ganz einsam im Glas,\nhat einzig fr\u00fchmorgens und abends kurz Spa\u00df;\nwenn\u2019s deiner Zahnb\u00fcrste genauso ergeht,\nw\u00e4r\u2019s sch\u00f6n, wenn sie bald neben meiner steht.\n\nMein Bett ist f\u00fcr einen zu gro\u00df;\nwas macht man in diesem Fall blo\u00df?\nLieg meistens schon diagonal darin rum,\ndas nimmt die Matratze mir sicher mal krumm.\nF\u00fcr gleichm\u00e4\u00dfig gute Belastung bei Nacht\nh\u00e4tt ich jetzt spontan mal an dich gedacht.\n\nMein Auto schluckt zu viel Benzin,\nf\u00fcr mich ganz allein ohne Sinn.\nWird\u2019s dir nicht auch zweierlei bei dem Gedanken,\nzu so einem Preis nur f\u00fcr einen zu tanken?\nWie w\u00e4r\u2019s, wenn wir dann in den kommenden Jahren\nder Umwelt zuliebe gemeinsam fahren?\n<\/pre>\n","protected":false},"excerpt":{"rendered":"<p>Du (25.01.2000) Du kannst dich nur mit deinem Lachen f\u00fcr immer unvergesslich machen, und einfach nur bei deinem L\u00e4cheln beginnt mein Herz schon arg zu schw\u00e4cheln. Der Glanz in deinen blauen Augen, er zwingt mich, st\u00e4ndig hinzuschaugen, denn diese Macht, die in ihm steckt hat mein Gef\u00fchl f\u00fcr dich erweckt. Die W\u00e4rme, die dein Herz&hellip; <br \/> <a class=\"read-more\" href=\"https:\/\/kottmair.eu\/?page_id=613\">Read more<\/a><\/p>\n","protected":false},"author":1,"featured_media":0,"parent":0,"menu_order":0,"comment_status":"closed","ping_status":"closed","template":"","meta":[],"_links":{"self":[{"href":"https:\/\/kottmair.eu\/index.php?rest_route=\/wp\/v2\/pages\/613"}],"collection":[{"href":"https:\/\/kottmair.eu\/index.php?rest_route=\/wp\/v2\/pages"}],"about":[{"href":"https:\/\/kottmair.eu\/index.php?rest_route=\/wp\/v2\/types\/page"}],"author":[{"embeddable":true,"href":"https:\/\/kottmair.eu\/index.php?rest_route=\/wp\/v2\/users\/1"}],"replies":[{"embeddable":true,"href":"https:\/\/kottmair.eu\/index.php?rest_route=%2Fwp%2Fv2%2Fcomments&post=613"}],"version-history":[{"count":7,"href":"https:\/\/kottmair.eu\/index.php?rest_route=\/wp\/v2\/pages\/613\/revisions"}],"predecessor-version":[{"id":696,"href":"https:\/\/kottmair.eu\/index.php?rest_route=\/wp\/v2\/pages\/613\/revisions\/696"}],"wp:attachment":[{"href":"https:\/\/kottmair.eu\/index.php?rest_route=%2Fwp%2Fv2%2Fmedia&parent=613"}],"curies":[{"name":"wp","href":"https:\/\/api.w.org\/{rel}","templated":true}]}}